ivisor of 21644 and 28.
28
Calculate the highest common divisor of 2 and 74.
2
Calculate the greatest common factor of 78 and 1131.
39
What is the greatest common factor of 396 and 72?
36
What is the greatest common divisor of 580 and 40?
20
What is the greatest common factor of 15 and 15?
15
Calculate the greatest common factor of 864 and 672.
96
What is the greatest common divisor of 14 and 448?
14
Calculate the greatest common factor of 18 and 594.
18
What is the greatest common factor of 6 and 46?
2
Calculate the highest common divisor of 2655 and 118.
59
Calculate the highest common divisor of 3732 and 12.
12
Calculate the greatest common divisor of 38 and 190.
38
What is the highest common factor of 266 and 84?
14
What is the highest common divisor of 2375 and 625?
125
Calculate the greatest common factor of 19 and 2755.
19
What is the highest common divisor of 6 and 402?
6
Calculate the highest common factor of 1204 and 28.
28
What is the highest common divisor of 310 and 100?
10
Calculate the highest common divisor of 2890 and 10.
10
What is the greatest common factor of 357 and 35?
7
What is the greatest common factor of 24 and 5076?
12
Calculate the highest common divisor of 6 and 48.
6
What is the greatest common factor of 65 and 13?
13
Calculate the highest common factor of 12 and 400.
4
Calculate the greatest common divisor of 850 and 450.
50
Calculate the highest common divisor of 2682 and 36.
18
What is the highest common divisor of 837 and 12?
3
Calculate the highest common factor of 992 and 372.
124
What is the highest common divisor of 156 and 260?
52
What is the greatest common divisor of 1430 and 50?
10
Calculate the greatest common divisor of 442 and 39.
13
Calculate the greatest common divisor of 2034 and 18.
18
Calculate the highest common factor of 162 and 2.
2
Calculate the greatest common divisor of 6 and 54.
6
Calculate the highest common factor of 32 and 1104.
16
What is the greatest common divisor of 2565 and 1520?
95
Calculate the highest common factor of 1955 and 34.
17
What is the highest common factor of 88 and 220?
44
What is the highest common factor of 3262 and 70?
14
Calculate the highest common divisor of 17 and 85.
17
Calculate the highest common divisor of 164 and 287.
41
Calculate the greatest common factor of 156 and 104.
52
Calculate the highest common divisor of 90 and 10755.
45
Calculate the highest common divisor of 845 and 195.
65
Calculate the highest common factor of 927 and 412.
103
What is the greatest common divisor of 10913 and 56?
7
Calculate the greatest common factor of 180 and 150.
30
What is the highest common factor of 1798 and 124?
62
Calculate the greatest common divisor of 12 and 2316.
12
What is the highest common factor of 178 and 10858?
178
What is the greatest common divisor of 150 and 160?
10
What is the highest common factor of 286 and 3159?
13
Calculate the greatest common factor of 16 and 2512.
16
Calculate the greatest common factor of 24 and 168.
24
Calculate the highest common factor of 133 and 247.
19
What is the highest common divisor of 59004 and 396?
396
Calculate the greatest common factor of 62 and 2.
2
What is the highest common divisor of 720 and 560?
80
What is the highest common divisor of 70 and 56?
14
What is the greatest common factor of 14 and 42?
14
What is the highest common factor of 44 and 462?
22
Calculate the greatest common divisor of 11 and 671.
11
Calculate the highest common factor of 1005 and 80.
5
Calculate the highest common divisor of 828 and 9.
9
Calculate the highest common divisor of 32 and 2880.
32
What is the greatest common factor of 2211 and 286?
11
Calculate the greatest common divisor of 1825 and 73.
73
What is the greatest common divisor of 69 and 27?
3
What is the highest common factor of 13509 and 237?
237
What is the greatest common divisor of 112 and 1351?
7
Calculate the highest common divisor of 719 and 6.
1
What is the highest common factor of 360 and 8010?
90
Calculate the greatest common factor of 315 and 3195.
45
Calculate the highest common factor of 368 and 92.
92
Calculate the highest common factor of 22 and 275.
11
What is the highest common divisor of 55 and 462?
11
What is the highest common divisor of 47 and 423?
47
Calculate the greatest common factor of 26 and 3926.
26
What is the greatest common divisor of 325 and 350?
25
Calculate the highest common factor of 1742 and 182.
26
Calculate the greatest common divisor of 8 and 352.
8
What is the highest common factor of 38 and 14?
2
Calculate the greatest common divisor of 540 and 50.
10
What is the highest common divisor of 3066 and 73?
73
What is the greatest common factor of 935 and 255?
85
What is the greatest common factor of 167 and 15865?
167
What is the greatest common factor of 300 and 375?
75
What is the highest common divisor of 368 and 92?
92
What is the greatest common factor of 25 and 1525?
25
Calculate the greatest common divisor of 143 and 231.
11
Calculate the greatest common factor of 99 and 836.
11
Calculate the highest common factor of 79 and 3081.
79
Calculate the highest common factor of 96 and 12.
12
Calculate the greatest common factor of 234 and 1989.
117
Calculate the highest common factor of 2788 and 68.
68
Calculate the greatest common divisor of 42 and 1806.
42
Calculate the highest common divisor of 1424 and 32.
16
What is the highest common divisor of 338 and 26?
26
What is the greatest common divisor of 395 and 380?
5
Calculate the greatest common divisor of 490 and 42.
14
Calculate the greatest common divisor of 1375 and 75.
25
What is the greatest common factor of 1596 and 38?
38
Calculate the greatest common divisor of 763 and 436.
109
Calculate the highest common divisor of 22 and 209.
11
What is the highest common divisor of 131 and 2227?
131
What is the greatest common factor of 88 and 64?
8
Calculate the greatest common factor of 592 and 259.
37
What is the greatest common factor of 4116 and 24?
12
Calculate the greatest common factor of 16 and 144.
16
What is the greatest common divisor of 513 and 270?
27
What is the greatest common factor of 182 and 322?
14
What is the highest common divisor of 655 and 917?
131
What is the highest common divisor of 391 and 483?
23
Calculate the highest common factor of 3438 and 18.
18
Calculate the greatest common factor of 6 and 14.
2
What is the greatest common divisor of 21 and 658?
7
What is the greatest common factor of 30 and 1590?
30
Calculate the greatest common divisor of 135 and 10.
5
What is the greatest common factor of 329 and 47?
47
Calculate the highest common factor of 948 and 30652.
316
Calculate the greatest common divisor of 1472 and 1152.
64
What is the highest common factor of 15916 and 92?
92
What is the greatest common divisor of 184 and 253?
23
What is the greatest common divisor of 342 and 234?
18
Calculate the highest common divisor of 518 and 1148.
14
What is the highest common factor of 37 and 259?
37
What is the highest common divisor of 246 and 1107?
123
Calculate the highest common factor of 26 and 65.
13
What is the greatest common factor of 86 and 4214?
86
What is the greatest common factor of 39 and 1716?
39
Calculate the highest common divisor of 153 and 272.
17
What is the highest common divisor of 221 and 195?
13
Calculate the greatest common factor of 34 and 29257.
17
Calculate the greatest common divisor of 176 and 1320.
88
What is the greatest common divisor of 2052 and 540?
108
Calculate the highest common divisor of 64 and 1392.
16
What is the greatest common factor of 8 and 2144?
8
What is the greatest common factor of 551 and 812?
29
Calculate the highest common factor of 259 and 14.
7
What is the greatest common factor of 25 and 85?
5
Calculate the highest common divisor of 740 and 20.
20
Calculate the greatest common divisor of 28 and 2940.
28
Calculate the highest common factor of 130 and 78000.
130
Calculate the highest common factor of 96 and 1504.
32
What is the highest common divisor of 110 and 30?
10
Calculate the highest common factor of 736 and 46.
46
What is the greatest common factor of 1557 and 346?
173
Calculate the highest common divisor of 1284 and 72.
12
What is the highest common factor of 43 and 8299?
43
Calculate the highest co